x) = -x**2 - 14*x + 7. What are the prime factors of t(d)?
2, 13
Let u(t) = 43*t + 0 - 1 + 39*t. Let x be u(1). Suppose -2*g + 29 = z, 3*z - x = -3*g - g. List the prime factors of z.
23
Let p(o) = -o**3 + 8*o**2 - 6*o + 9. Let y be p(7). Let v = y + -13. Suppose -4*a = 3*m - 34, 3*m - 32 = v*a - 5*a. List the prime factors of m.
2, 5
Let t(w) = w**3 - 12*w**2 + 6*w - 6. Let a = 51 + -39. What are the prime factors of t(a)?
2, 3, 11
Suppose 46 = 4*i + 6. Suppose i*q - 386 = 934. List the prime factors of q.
2, 3, 11
Let r = -989 + 1723. What are the prime factors of r?
2, 367
Let j = 33 + -7. Let q = j + -21. Suppose 5*r + 4*v = 89 + 12, 0 = -q*v - 5. What are the prime factors of r?
3, 7
Suppose 383 - 15 = 4*b. What are the prime factors of b?
2, 23
Let z be (-4 + (-80)/(-15))/((-2)/(-21)). Let x = 90 - z. List the prime factors of x.
2, 19
Suppose -6*p + 540 = 3*p. List the prime factors of (81/(-9))/((-9)/p).
2, 3, 5
List the prime factors of -1*20*(-138)/12.
2, 5, 23
Let j = -63 - -69. What are the prime factors of (-42)/(-49)*(j + 1)?
2, 3
Suppose 22*x = -9*x + 11811. What are the prime factors of x?
3, 127
Suppose -4*l - 18 = -c - 0*c, -2*c + 12 = -2*l. What are the prime factors of 4 + 8/l + 0 + 268?
2, 3, 5
Let c be 2 - 11/(44/24). Let a = c - -8. Suppose 76 = 3*i - 4*t, a*t + 10 = -6. What are the prime factors of i?
2, 5
Let f be -1 - (-18)/22 - 2/(-11). Suppose -169 = -4*j - 5*h, 4*j + 0*h - 5*h - 199 = f. What are the prime factors of j?
2, 23
Let v(p) = p**3 + 11*p**2 - 36*p - 18. What are the prime factors of v(-12)?
2, 3, 5
Let i(g) = -449*g + 86. List the prime factors of i(-6).
2, 5, 139
Let h(k) = 2*k**2 + 8*k + 3. Let i be h(-7). List the prime factors of (18/5 + -2)*i.
2, 3
Let m(g) = -4*g - 11. Let j be (-52)/(-14) + 14/49. Suppose 5*s - j*t = 4*s - 25, 5*s = -3*t - 10. What are the prime factors of m(s)?
3
Suppose 0*y - 801 = -9*y. List the prime factors of (1 + 0)*-3 + y + -1.
5, 17
Suppose 2684 = 5*k - 2*q, 0 = q - 8 + 5. Suppose 4*l - 2*c - k = 0, 4*l + 2*c = -c + 523. What are the prime factors of l?
7, 19
Suppose -5*y - 4*f + 17 = -10, 3*f = -y + 12. Suppose -86 - 70 = -y*s. List the prime factors of s.
2, 13
Suppose -o = 4*o + 5. Let q be (-6)/54 + (-76)/(-36). What are the prime factors of o - 1*(-20 + q)?
17
Let k = -6 + 37. Let h be (-11)/(2/(-5 + 3)). Suppose k = h*s - 10*s. List the prime factors of s.
31
Suppose 4*f + 158*q = 163*q + 5761, -4*f + 4*q + 5764 = 0. What are the prime factors of f?
2, 19
Let s(q) = q**2 + 11*q + 9. Suppose 0*o = 2*v - 3*o - 19, 0 = -5*v + 5*o + 35. Let f be 3/1 + (-13 - v). What are the prime factors of s(f)?
3, 7
Let v(t) = 7*t**2 + 9*t + 13. List the prime factors of v(9).
661
Suppose -3*u + 3 = 0, z - 995 = -17*u + 18*u. What are the prime factors of z?
2, 3, 83
Let d be (255/4)/(1 - 9/12). Let h = d - 181. What are the prime factors of h?
2, 37
Suppose -12705 = -30*t + 27*t. What are the prime factors of t?
5, 7, 11
List the prime factors of (-5 - -7)*11/(-2)*-31.
11, 31
Suppose -5*a - 19 = -4. Let w be (-5)/((a + 2)*1). Suppose -80 = -w*m + 10. List the prime factors of m.
2, 3
Let c be 2 + -1 - (-4 + 2 + 1). Suppose 332 = c*o + m, 0 = o - 4*m - 244 + 87. What are the prime factors of o?
3, 5, 11
Let a = -154 + 362. Suppose -266 = -6*t + a. Suppose -t = -3*b + 101. What are the prime factors of b?
2, 3, 5
Suppose 0 = 6*q + 5*q - 15840. What are the prime factors of q?
2, 3, 5
Suppose 4*z + 4*c - 137 = 215, 3*z + c = 264. Let l = z + -54. List the prime factors of l.
2, 17
Let t be 3/(-5)*(-20)/4. Suppose 555 = t*f - 0. List the prime factors of f.
5, 37
Let j(t) be the third derivative of t**6/120 + 7*t**5/60 - t**4/24 - t**3/2 - t**2. List the prime factors of j(-5).
2, 13
Let w be (-3)/(-18) - (-26)/(-12). Let o = 11 + w. Let c = 9 + o. List the prime factors of c.
2, 3
Let b = 11092 + -6989. What are the prime factors of b?
11, 373
Let d = -1838 + 2885. List the prime factors of d.
3, 349
Suppose 0 = 2*p - 3*p + 2*x + 15, -65 = -3*p + x. Let k = p - 25. What are the prime factors of (-1*8/1)/k?
2
Suppose -i + 5*i = 4*o + 744, 3*i - 563 = 4*o. What are the prime factors of i/(-5)*(-2 + -1 + -2)?
181
Let w be (-8 - -32)*(1 - 2). Let v = 31 + w. Let c = 9 - v. What are the prime factors of c?
2
Let s(q) = q**2 - 20. Let o be s(-6). Suppose -t - 5*g = -o, -g = -t - 0*g + 40. Let h = -5 + t. List the prime factors of h.
31
Let f(m) be the second derivative of m**3 - 12*m**2 - 19*m. List the prime factors of f(12).
2, 3
Let r be (0 - -14)/((-4)/6). Suppose -168*d = -171*d - 51. Let s = d - r. List the prime factors of s.
2
Suppose -3*d = 5 + 4, 3*i + 2*d - 1887 = 0. List the prime factors of i.
631
Suppose 2*a = -4*y + 198, -4*y - 5*a - 17 + 230 = 0. What are the prime factors of y?
47
Let j = 1584 + -915. What are the prime factors of j?
3, 223
Let a be (-18)/(-117) - (-189)/39. Suppose 0 = -t - a*b - 3 - 1, -3*t - 4*b = -43. What are the prime factors of t?
3, 7
Let f = -1142 - -2299. What are the prime factors of f?
13, 89
Let u(j) = j**2 + j - 5. Let f be u(0). Let h = -3 - f. Suppose 0 = 3*y - 5*d - 65 - 23, -52 = -2*y + h*d. List the prime factors of y.
3, 7
Suppose -12*z = 36*z - 54576. What are the prime factors of z?
3, 379
Suppose 0 = -w - 13*w + 1820. List the prime factors of w.
2, 5, 13
Let m(h) = -h**3 + 13*h**2 - 12*h + 10. Let d be 0 + 10 + 0 + 2. What are the prime factors of m(d)?
2, 5
Let w(f) be the second derivative of -f**5/20 - 5*f**4/6 + f**3/3 + 7*f**2 + 9*f. List the prime factors of w(-11).
113
Let g be (-5)/(-20)*2*12. Let x be g/12*(-2 + 330). Let w = x + -97. List the prime factors of w.
67
What are the prime factors of ((-66)/12 - -6)/(3/5646)?
941
What are the prime factors of (-62 - -69)*(-2480)/(-7)?
2, 5, 31
Let i = -85 - 16. Let r = 108 + i. List the prime factors of r.
7
Suppose 4*r + 4*q = -r - 30, -18 = 3*r + q. Let z be (-9)/r - 2264/(-16). Suppose 5*k = -4*p + z, -3*p - 2*p + 2*k = -154. List the prime factors of p.
2
Suppose 5*n = 2*z - 299 + 188, -3*z = 5*n - 129. What are the prime factors of z?
2, 3
Let t be 14*((-7)/(-8))/(7/84). Suppose 0 = 4*o - 17 - t. What are the prime factors of o?
41
Let f = 13 - 4. Let g(u) = 4*u - 12. What are the prime factors of g(f)?
2, 3
Suppose 2683 = 16*d - 15*d. What are the prime factors of d?
2683
Suppose 44 + 16 = -2*u. What are the prime factors of u/(-50) - (-557)/5?
2, 7
Suppose -5*w + 4*y = -852, 4*w + y - 684 = 3*y. Suppose 10*g - 872 = -w. List the prime factors of g.
2, 5, 7
Suppose 8*o - 4 - 4 = 0. List the prime factors of (-92 - o)*(112/(-21) - -5).
31
Let r(m) = -m**3 + 6*m**2 - 6*m + 8. Let d be r(5). Suppose 4*i - 78 - 35 = 3*f, 2*i + d*f = 79. List the prime factors of i.
2
Let i be (1 - (-2)/(-6))*9. Let l be 224/48 - (-2)/i. Suppose 4*h + 6 = l*v - 23, 4*v - h = 32. What are the prime factors of v?
3
Suppose n = -0*n + 72. Let h = n + -39. What are the prime factors of h?
3, 11
Suppose -4*d = -r - 131, 2*r - 5*d + 247 = -2*d. Let t = -33 - r. What are the prime factors of t?
2, 43
Let a(i) = -8*i**2 + 32*i - 8. Let m(u) = -7*u**2 + 31*u - 7. Let h(d) = -5*a(d) + 6*m(d). List the prime factors of h(8).
2, 3, 13
Suppose -4*f - 2*d - 454 = 0, f - d + 457 = -3*f. Let o = 162 + f. List the prime factors of o.
2, 3
Let t = 1825 - 838. What are the prime factors of t?
3, 7, 47
Let b(x) = 18*x**3 - 11*x**2 - 5*x + 4. List the prime factors of b(5).
2, 977
Suppose y = -k + 3293, -3*k = 4*y - 6738 - 6432. What are the prime factors of y?
3, 1097
Let y = 5 + -1. Suppose y*r - 11 = -3. Suppose 2*j + r = j, 4*n = -5*j + 70. What are the prime factors of n?
2, 5
Let f(s) = -s**3 + 9*s**2 + 11. Suppose o - 3*o + 4*m = 6, 2*m = -2*o + 6. Suppose 3 = -v - o, -2 = -2*i - 4*v. List the prime factors of f(i).
11
Let k = 224 - -322. What are the prime factors of k?
2, 3, 7, 13
Let y = -96 - -107. Suppose -4*i + y = -57. List the prime factors of i.
17
Let b(m) = -18*m - 17. List the prime factors of b(-17).
17
Let h = 966 + -720. List the prime factors of h.
2, 3, 41
Let z = 9 - 8. Let l be 3 + 31 - z/(-1). List the prime factors of ((-120)/l)/(2/(-21)).
2, 3
Let x be 336*((-44)/12 - -3). List the prime factors of 8/(-44) + x/(-22).
2, 5
Let g(h) = h**2 - 6*h - 1. Let t be g(7). Suppose 4*q + t*c -